98*j**2 - 38282*j - 6. Give h(-4).
-446
Let w(q) = 11*q**3 - 662*q**2 + 110*q + 571. What is w(60)?
-29
Let f(t) = 8*t**2 + 512*t + 4125. Give f(-10).
-195
Let x(j) = -4*j**2 + 223*j - 255. Calculate x(55).
-90
Let q(f) = 181*f**3 + 2715*f**2 + 2*f - 14. Determine q(-15).
-44
Let r(y) = -295*y + 35366. Give r(116).
1146
Let y(t) = -19*t**3 + 209*t**2 - 4602*t + 50620. Give y(11).
-2
Let k(t) = -903*t**2 - 8122*t - 27. What is k(-9)?
-72
Let h(f) = -6*f**3 + 137*f**2 - 194*f + 4959. Determine h(23).
-32
Let w(j) = -j**3 - 129*j + 1058. What is w(8)?
-486
Let k(z) = -53*z**3 + 9*z**2 - 22*z - 63. Give k(-2).
441
Let l(s) = -999*s + 29580. Calculate l(31).
-1389
Let l(n) = -80503*n + 5715727. Determine l(71).
14
Let c(o) = o**3 + 126*o**2 + 144*o + 2111. Determine c(-125).
-264
Let c(y) = -2*y**3 + 11*y**2 - 2*y + 55. Determine c(6).
7
Let d(g) = -g**2 - 825*g - 256. Give d(0).
-256
Let n(s) = 61*s - 1116. What is n(16)?
-140
Let a(d) = 3*d**3 + 450*d**2 - 1372*d + 754. Determine a(-153).
-11
Let r(l) = 5*l**3 + 8722*l**2 - 22702*l + 15708. Determine r(-1747).
-15
Let k(j) = j**3 - 470*j**2 - 940*j - 3. Calculate k(-2).
-11
Let k(u) = 1186*u + 14240. Determine k(-12).
8
Let o(p) = -78*p**3 + 861*p**2 - 26*p - 82. Give o(11).
-5
Let t(z) = -107019*z - 321282. Give t(-3).
-225
Let g(k) = k**3 - 21*k**2 + 70*k + 13. Give g(9).
-329
Let b(l) = 310*l + 100203. Give b(-323).
73
Let z(i) = -44*i + 3741. Determine z(78).
309
Let c(v) = -6*v**2 - 1551*v - 2023. What is c(-257)?
290
Let s(i) = 547*i**2 - 324369*i - 1165. Give s(593).
21
Let f(j) = 569*j - 48498. Give f(83).
-1271
Let n(g) = g**3 + 11*g**2 - 429*g + 49550. Give n(-45).
5
Let d(r) = -4*r**3 + 75*r**2 - 235*r - 35. What is d(4)?
-31
Let l(t) = -t**3 - 17*t**2 - 60*t + 73. Calculate l(-16).
777
Let h(z) = -11*z**2 + 195*z + 520. Give h(20).
20
Let y(x) = -21036*x + 504857. What is y(24)?
-7
Let b(g) = g**3 + 213*g**2 - 1542*g - 564. Give b(-220).
-124
Let p(a) = 91*a**2 - 2219*a - 1400. Calculate p(25).
0
Let i(l) = 2*l**3 + 419*l**2 - 1502*l - 2339. What is i(-213)?
4
Let x(v) = v**2 + 1665*v - 15114. Give x(9).
-48
Let a(b) = 45562*b + 774547. Calculate a(-17).
-7
Let k(l) = 6*l**2 + 831*l - 220225. Give k(-273).
86
Let q(k) = -239*k**2 + 5486*k + 140. Give q(23).
-113
Let a(x) = 2*x**2 - 601*x - 103301. Calculate a(-122).
-211
Let u(q) = -q**3 - 2*q**2 + 1048*q + 8444. Calculate u(35).
-201
Let v(f) = 2*f**3 + 59*f**2 - 41*f - 328. What is v(-30)?
2
Let b(g) = -g**2 + 176104*g - 528302. Determine b(3).
1
Let n(z) = -1510*z + 49160. Calculate n(32).
840
Let v(u) = -u**2 + 541*u - 46428. What is v(107)?
10
Let a(w) = -3*w**2 + 2412*w + 26577. Give a(-11).
-318
Let n(c) = 41*c**3 + 369*c**2 + 209*c + 1815. Calculate n(-9).
-66
Let f(z) = z**3 + 6769*z**2 + 40579*z + 13. Determine f(-6).
7
Let q(t) = -42*t**2 + 2446*t - 594. Calculate q(58).
-14
Let x(a) = a**3 - 99*a**2 + 108*a - 1845. Give x(98).
-865
Let f(d) = d**2 - 760*d - 59367. Give f(-72).
537
Let i(o) = 52*o**2 + 2375*o + 1636. What is i(-45)?
61
Let t(z) = -z**3 - 154*z**2 - 3973*z + 2430. Give t(-121).
10
Let k(p) = -44*p**2 - 1664*p - 1662. What is k(-1)?
-42
Let o(f) = -22*f**3 - 4*f**2 - 463*f + 468. Give o(1).
-21
Let a(i) = -5*i**2 - 2255*i + 20709. Give a(9).
9
Let b(s) = -2396*s - 1078194. Determine b(-450).
6
Let u(d) = 5*d**3 - 225*d - 758. Give u(8).
2
Let o(x) = 2749*x - 27492. Calculate o(10).
-2
Let s(f) = 3*f**3 - 558*f**2 + 2723*f + 807. Calculate s(181).
2255
Let x(n) = 155*n**3 - 1330*n**2 - 26*n + 56. Determine x(9).
5087
Let v(d) = 17*d**2 + 1877*d - 125. Determine v(-110).
-895
Let p(v) = -105*v**2 - 6*v + 8. Determine p(3).
-955
Let f(b) = 2*b**3 - 578*b**2 - 696*b + 33682. Give f(290).
42
Let m(j) = -14*j**3 + 884*j - 884. Give m(1).
-14
Let h(a) = -a**2 - 1189*a - 6006. Calculate h(-5).
-86
Let t(w) = -4*w**2 - 214*w - 83. Give t(-51).
427
Let v(q) = -q**2 - 43864*q - 1665381. What is v(-38)?
7
Let l(q) = 762*q + 594361. What is l(-780)?
1
Let g(j) = -515*j - 4114. Calculate g(-11).
1551
Let h(s) = -185*s**2 + 124*s - 244. Calculate h(2).
-736
Let x(s) = s**3 - 50*s**2 - 104*s + 2015. Calculate x(51).
-688
Let c(k) = -2663*k - 149198. Calculate c(-56).
-70
Let n(k) = -16384*k + 13451284. Determine n(821).
20
Let r(o) = 11364*o - 56838. Determine r(5).
-18
Let n(o) = -339*o**3 + 5*o**2 + 12*o - 18. Determine n(1).
-340
Let r(s) = -4253*s**2 + 89301*s + 23. Calculate r(21).
-229
Let x(w) = 1308242*w + 3924740. What is x(-3)?
14
Let z(w) = -6541*w + 1739802. Determine z(266).
-104
Let w(p) = p**3 + 83*p**2 + 126*p - 2798. Give w(-81).
118
Let a(b) = 4*b**2 - 471*b + 6399. Calculate a(102).
-27
Let d(w) = 6755*w - 26995. Calculate d(4).
25
Let s(i) = -485*i - 42963. Calculate s(-100).
5537
Let y(s) = 520*s + 10351. What is y(-20)?
-49
Let v(q) = -520*q - 101269. What is v(-195)?
131
Let q(d) = -d**3 - 61*d**2 + 144*d + 1007. What is q(-63)?
-127
Let y(v) = -32009*v**2 + 64019*v - 3. What is y(2)?
-1
Let q(n) = 18*n**3 - 31*n**2 - 98*n - 68. Give q(-1).
-19
Let h(g) = 829*g + 19876. Give h(-24).
-20
Let v(p) = -71815*p + 2369892. Calculate v(33).
-3
Let z(v) = -v**2 - 3933*v + 220140. Calculate z(55).
800
Let s(b) = b**3 + 11*b**2 + 30*b + 2149. Give s(-16).
389
Let q(o) = -4*o**2 + 71*o + 2584. What is q(-26)?
-1966
Let k(p) = -2287*p - 420984. What is k(-184)?
-176
Let i(l) = 25308*l + 126597. Determine i(-5).
57
Let v(d) = d**3 + 420*d**2 + 5706*d + 230. What is v(-14)?
-78
Let o(a) = -42609*a - 127828. What is o(-3)?
-1
Let n(j) = -6*j**2 - 3133*j - 12612. Determine n(-4).
-176
Let v(z) = -41*z**2 - 1201*z - 263. What is v(-29)?
85
Let q(f) = f**3 - 10*f**2 - 26196*f + 78640. Calculate q(3).
-11
Let a(r) = -r**2 + 103*r - 180. Give a(96).
492
Let g(s) = 576*s + 5188. Calculate g(-8).
580
Let y(l) = -3*l**3 - 37*l**2 + 16*l - 23. Determine y(-13).
107
Let w(u) = 445*u**2 + 4031*u + 237. What is w(-9)?
3
Let s(v) = -44*v**2 - 19*v + 36. Determine s(4).
-744
Let v(j) = 977*j + 55857. Give v(-57).
168
Let a(b) = b**3 - 105*b**2 - 1459*b - 8845. Calculate a(118).
5
Let y(l) = -68*l**2 - 1835*l - 26. Give y(-24).
4846
Let j(s) = 479*s - 138985. What is j(290)?
-75
Let t(c) = 11*c**2 + 1456*c - 4. What is t(-133)?
927
Let g(f) = -24*f**3 + 1107*f**2 - 1087*f + 2. Calculate g(1).
-2
Let i(m) = 174589*m + 1222232. Determine i(-7).
109
Let h(v) = -v**3 + 3*v**2 + 27518*v - 82565. Give h(3).
-11
Let w(g) = -g**3 + 77*g**2 - 1925*g + 148234. Calculate w(77).
9
Let q(d) = -d**2 - 197*d + 11663. Calculate q(48).
-97
Let w(a) = 9*a**3 + 189*a**2 + 8719*a + 183094. What is w(-21)?
-5
Let u(o) = 40*o**2 - 1418*o + 1987. Calculate u(34).
15
Let z(y) = 10778*y - 183236. What is z(17)?
-10
Let f(x) = -2*x**3 + 15*x**2 - 116*x + 236. Give f(4).
-116
Let m(g) = -g**3 - 1048*g**2 - 183357*g + 3331. Calculate m(-222).
1
Let j(i) = -293*i + 6656. Give j(23).
-83
Let v(m) = -m + 65. Give v(54).
11
Let p(l) = l**3 + 38*l**2 + 536*l + 41668. Give p(-46).
84
Let a(b) = -2196*b**2 + 327211*b - 1179. What is a(149)?
-136
Let c(p) = 150*p**3 - 3*p**2 + 4*p + 6. What is c(-1)?
-151
Let n(w) = -376220*w - 41760423. Give n(-111).
-3
Let w(z) = -z**3 - 154*z**2 + 1679*z - 255. What is w(10)?
135
Let g(q) = 42*q**3 + 12*q**2 + 2223*q + 4388. What is g(-2)?
-346
Let k(a) = -6*a**2 - 195*a + 938. Determine k(5).
-187
Let t(x) = -51*x**2 + 710*x - 167. Give t(15).
-992
Let z(l) = -1199*l + 35981. Give z(30).
11
Let f(t) = t**2 + 64*t - 40952. Determine f(173).
49
Let j(g) = 111*g + 2327. Determine j(-23).
-226
Let d(g) = 83*g**2 + 6132*g - 790. Calculate d(-74).
-50
Let y(k) = -3*k**2 - 96*k + 684. Calculate y(-39).
-135
Let c(u) = 219*u + 532. Give c(-2).
94
Let n(j) = 872723*j - 1. What is n(0)?
-1
Let a(k) = -7781*k + 15565. Calculate a(2).
3
Let d(x) = -2*x**3 + 49*x**2 - 71*x + 125. Determine d(23).
79
Let h(b) = b**3 + 149*b**2 - 1142*b - 4514. Calculate h(10).
-34
Let j(g) = 300210*g - 3602462. Give j(12).
58
Let w(s) = 51310*s + 6054588. What is w(-118)?
8
Let f(p) = -4500*p + 256650. Give f(57).
150
Let t(w) = -26683*w + 53008. Calculate t(2).
-358
Let o(d) = d**2 + 169*d + 5445. Determine o(-123).
-213
Let s(o) = -9188*o - 3417934. Calculate s(-372).
2
Let b(y) = 6*y**3 - 7*y**2 - 6*y + 24. Determine b(-6).
-1488
Let g(w) = 8*w**2 - 12